 c(10). Let r(k) = -9*k + 14. Calculate the remainder when r(o) is divided by 23.
18
Let c(y) = 2*y**2 - 4*y + 2. Suppose -p + 2*p - 5*u + 23 = 0, 0 = 2*p - 4*u + 16. Let s be c(p). What is the remainder when (-3)/(((-4)/26)/s) is divided by 21?
18
Let s be -1*0/(-2) - (2 + -4). Suppose -3*t + 26 = 4*r, s*r + 12*t - 16 = 9*t. What is the remainder when 27 is divided by r?
2
Let i = -544 + 856. Let u be (-2)/(-11) - i/22. Let b = u + 22. What is the remainder when 21 is divided by b?
5
What is the remainder when 64/(-992) + 24436/124 is divided by 34?
27
Let h = -14 - -21. Let u(v) = -1 - 175*v + 176*v + 2. What is the remainder when u(11) is divided by h?
5
Let i = -385 + 462. Calculate the remainder when i is divided by 49.
28
Suppose 0 = -8*d + 9404 - 5388. Calculate the remainder when d is divided by 12.
10
Let p be 6/(-9) - 761/(-3). Suppose -4*r + p = 7*r. Calculate the remainder when 67 is divided by r.
21
Let c = 229 - 118. Calculate the remainder when c is divided by 19.
16
Let z = 7 - 5. Suppose -2*s = -4*m - 4, z*s = m + 3 + 7. What is the remainder when 17 is divided by s?
5
Let f = 523 - -30. Calculate the remainder when f is divided by 18.
13
Let t = 24 + 17. Suppose -t - 284 = -5*u - 5*c, -210 = -3*u + 2*c. Calculate the remainder when u is divided by 12.
8
Let z(f) = -f**3 + 8*f**2 + 5*f + 50. What is the remainder when 49 is divided by z(9)?
7
Suppose 29*g = 24*g + 100. What is the remainder when 49 is divided by g?
9
Let x(k) = -k**3 + 11*k**2 + 16*k - 7. Let t = -10 + 17. Let n be (-2)/(-3)*(11 + t). Calculate the remainder when x(n) is divided by 11.
8
Let f = -718 - -1416. What is the remainder when f is divided by 22?
16
Suppose -4*j + 123 = -2*l + 7*l, -4*j + 158 = -2*l. What is the remainder when 41 is divided by j?
4
Let s = 358 - 312. What is the remainder when 103 is divided by s?
11
Let b(j) = -j**3 - 8*j**2 - 28*j - 79. What is the remainder when 286 is divided by b(-6)?
14
Let t(w) = -w**3 - 2*w**2 + 4*w + 10. Let v(q) = -q. Let g(n) = t(n) - 2*v(n). Calculate the remainder when 35 is divided by g(-4).
17
Calculate the remainder when -1*(-3)/(24/12472) is divided by 130.
129
Let t(y) = y + 3. Let z be t(6). Let c = z - -15. Let f(v) = v**3 - 2*v**2 + 4*v - 2. What is the remainder when f(4) is divided by c?
22
Let r(b) = -2*b - 16. Suppose 4*u = 5*u - 76. Suppose -4*o + 44 = -u. What is the remainder when r(-37) is divided by o?
28
Let d = -64 - -83. Let o = 22 - d. Calculate the remainder when 7 is divided by o.
1
Suppose 5*a = 5*s - 250, -4*s + 3*a = -3*s - 46. Suppose 4*k = -0*k - h + 56, k = -5*h + 14. Calculate the remainder when s/(3 + 0 - (1 + 0)) is divided by k.
12
Let g be (330/(-12))/((-1)/(-6)). Let v = -108 - g. What is the remainder when v is divided by 12?
9
Let g(n) = n**3 + 38*n**2 + 30*n - 209. Calculate the remainder when 195 is divided by g(-37).
45
Let o = -561 - -608. Calculate the remainder when 179 is divided by o.
38
Let c = -278 + 297. Suppose 3*n - 4*f = 188, -3*n + 0*n + 3*f + 183 = 0. What is the remainder when n is divided by c?
18
Let k be 9*(-3 + 4) + 0. Let j(x) = -x + 15. Let v be j(k). Suppose -3*g - 3 = a, v - 1 = -g. Calculate the remainder when 22 is divided by a.
10
Let v = -106 + 149. Suppose 0 = -10*j + 5*j + u - v, -3 = -u. Let d(w) = -w**2 - 11*w - 2. Calculate the remainder when 64 is divided by d(j).
20
Let h be ((-2)/(-3))/(6/18). Suppose -5*q + 10*q - 360 = -5*b, h*b - q - 153 = 0. What is the remainder when b is divided by 26?
23
Let o = 297 + -289. Suppose x + 3*j = 7*j + 16, x = 5*j + 15. What is the remainder when x is divided by o?
4
Let f(j) = j**2 - j - 18. Let c be f(0). Let y be (-4)/c + (-25)/(-9). Suppose 4*m + y*m - 210 = 0. Calculate the remainder when m is divided by 16.
14
Suppose 4*d - 16 = -p - 3*p, 15 = -3*d. Suppose 5*a - 1101 = 449. Suppose 9*b - a = 5. Calculate the remainder when b is divided by p.
8
Suppose -c = 52 - 128. What is the remainder when 299 is divided by c?
71
Let b = -154 + 236. Calculate the remainder when b is divided by 17.
14
Suppose 2*q + 6 = 0, -2*f - 13*q + 15*q + 28 = 0. Calculate the remainder when 887 is divided by f.
7
Let p = 220 + -118. Let a(v) = 9*v**3 + v**2 - 1. What is the remainder when (0 - p)/(-3) + 1 is divided by a(1)?
8
Let z(h) = 3*h + 51. Let m be z(-16). Suppose f + 2*f - m = -4*o, -o = f. What is the remainder when 14 is divided by o?
2
Let f = 563 + -553. Calculate the remainder when 1829 is divided by f.
9
Let a(m) = 6*m**2 + m + 70. Let v be a(0). Let i = v + 83. What is the remainder when i is divided by 39?
36
Let h(w) = w**3 + 53*w**2 - 109*w + 124. What is the remainder when 275 is divided by h(-55)?
68
Suppose 5*r = -4*i - 321, -3*r - 317 - 68 = 5*i. Let q = -49 - i. Let y = q - 9. What is the remainder when 28 is divided by y?
12
Suppose -2*k - 20 = -4*b, 5*b + 12 - 37 = -2*k. Suppose c - 45 = 3*p - b*p, -p - 2*c = -30. Calculate the remainder when 118 is divided by p.
18
Suppose 4*v = -2*i + 330, -i + 60 = -5*v - 112. Calculate the remainder when i is divided by 56.
55
Suppose w = -3*z + 10, -w - 4*w + 4*z + 31 = 0. Suppose -3*y - 32 = -w*y. Let d(r) = r**2 + 4*r - 19. Calculate the remainder when d(y) is divided by 20.
17
Suppose -2*c = -y - 2, -2*c = -3*c + 3. Calculate the remainder when 18 is divided by y.
2
What is the remainder when 64 is divided by -9*(-6)/(-12)*2*-2?
10
Let u(n) = n**3 - 4*n**2 - 5*n + 3. Let j be u(5). Suppose j = 3*i - 27. What is the remainder when 3/(-2) + 228/8 is divided by i?
7
Let v = -1277 + 1287. Suppose -3*f - 80 = 2*f. Let b = 3 - f. Calculate the remainder when b is divided by v.
9
Suppose l - 232 = -5*d, 4*l + 3*d - 8*d - 828 = 0. What is the remainder when l is divided by 8?
4
Let s = -25 + 54. Let l(p) = -p**2 - 8*p + 3. Let y = 7 - 14. What is the remainder when s is divided by l(y)?
9
Let a be (-1)/3 - (-115)/3. Let d = -66 + 44. Let q = a + d. What is the remainder when 61 is divided by q?
13
Suppose 0 = -2*t + 3*f + 10 + 145, 225 = 3*t - 3*f. Calculate the remainder when t is divided by 30.
10
What is the remainder when 131 is divided by -7 - 6*7/6*-8?
33
Let a(m) = m**2 + 8*m + 12. Let o be a(-6). Suppose o = 3*l - 5*l + 40. Calculate the remainder when l is divided by ((-35)/10)/(1/(-2)).
6
Let a = -9 + 20. Let h be -2 - (3 + -7) - 108. Let q = -74 - h. Calculate the remainder when q is divided by a.
10
Suppose -62 = -5*f + 13. Let v(m) = 2*m**3 - 19*m**2 - 4*m - 3. Calculate the remainder when v(10) is divided by f.
12
Suppose 22*r - 530 = 284. What is the remainder when 51 is divided by r?
14
Let l(v) = v**3 + 8*v**2 - 5*v - 7. Let b(h) = -3*h. Let f be b(-1). Suppose -2*x + 315 = f*x. What is the remainder when x is divided by l(-8)?
30
Suppose 4*r - 72 = -2*l, 6*r - 40 = 4*r - 2*l. Calculate the remainder when 748 is divided by r.
12
Suppose l = 5*l + 28. Let d = 3 - l. Let i(o) = 22*o**2 + 233*o - 80. Calculate the remainder when i(-11) is divided by d.
9
Suppose i + 4*i + 5*s - 210 = 0, -126 = -3*i + 4*s. Let w = i + -20. What is the remainder when 41 is divided by w?
19
Let t(p) = 1. Suppose 10*z + 30 = 5*z. Let s(b) = b - 3. Let l(f) = z*t(f) - s(f). What is the remainder when 25 is divided by l(-12)?
7
Let p be (-2)/(-7) - (-8)/(-28). Let l be (3/(-1))/(3/(-28)). Suppose b - l + 1 = p. Calculate the remainder when b is divided by 7.
6
Let w = 94 + -104. What is the remainder when (428/w)/(2/(-5)) is divided by 22?
19
Suppose -2*o - k + 96 = -0*k, 48 = o - k. What is the remainder when 133 is divided by o?
37
Let y(w) be the third derivative of 3*w**4/4 + w**3/6 - 2*w**2. Let f = 288 + -269. What is the remainder when y(4) is divided by f?
16
Suppose -4*u + 20 = -3*u. Suppose -u = -8*s + 3*s. Suppose -3*k + s*n + n = -44, 2*n = 3*k - 50. Calculate the remainder when 52 is divided by k.
16
Let s = 1449 + -1387. What is the remainder when 246 is divided by s?
60
Suppose 1 = -4*q + 9. Suppose 0 = 5*p - 143 - 232. Suppose 0 = -q*x + 3*x - p. Calculate the remainder when x is divided by 19.
18
Suppose 819 = -25*z + 3969. What is the remainder when 368 is divided by z?
116
Let i = -225 - -269. What is the remainder when i is divided by 9?
8
Suppose 0 = 4*p + 31 - 307. Suppose -3*q - 3*k + p = 0, 4*q - 3*k - 75 = -q. What is the remainder when 